{"id":4072,"date":"2021-04-10T13:43:53","date_gmt":"2021-04-10T18:43:53","guid":{"rendered":"https:\/\/estudiainteligente.com\/site\/?post_type=product&#038;p=4072"},"modified":"2025-04-04T14:38:14","modified_gmt":"2025-04-04T19:38:14","slug":"acceso-simulador-usfq","status":"publish","type":"product","link":"https:\/\/estudiainteligente.com\/site\/producto\/acceso-simulador-usfq\/","title":{"rendered":"Acceso Simulador USFQ"},"content":{"rendered":"<h3 style=\"text-align: center;\"><strong>\u00a1Prep\u00e1rate para Ingresar a la Universidad de tus Sue\u00f1os!<\/strong><\/h3>\n<h3 style=\"text-align: left;\">Estudia de forma inteligente para ingresar a la USFQ con nuestro Acceso al Simulador del Examen de Admisi\u00f3n a la USFQ.<\/h3>\n<h3 class=\"alignleft\"><strong>Contenido<\/strong><\/h3>\n<p style=\"text-align: left;\"><strong>Acceso Simulador USFQ<\/strong><\/p>\n<div class=\"shortcode-wrapper shortcode-list clearfix\"><ul class=\"hb-ul-list\">\n<li><i class=\"icon-ok\" style=\"color:#ba007c\"><\/i><strong>Un simulador<\/strong>\u00a0de razonamiento matem\u00e1tico.<\/li>\n<li><i class=\"icon-ok\" style=\"color:#009bdb\"><\/i><strong>Un simulador<\/strong>\u00a0del razonamiento verbal.<\/li>\n<li><i class=\"icon-ok\" style=\"color:#db9600\"><\/i>Complementariamente, podr\u00e1s ver <strong>videos explicativos<\/strong> de la gu\u00eda del examen.<\/li>\n<li><i class=\"icon-ok\" style=\"color:#ce6b01\"><\/i>As\u00ed, tendr\u00e1s el acceso a nuestro simulador b\u00e1sico de admisi\u00f3n USFQ por un per\u00edodo de <strong>20 d\u00edas<\/strong> desde la fecha de compra.<\/li>\n<\/ul><\/div>\n<h3 class=\"alignleft\">\u00bfPor qu\u00e9 es necesario realizar simuladores?<\/h3>\n<p>En primer lugar, <strong>hacer simuladores entrena tu mente<\/strong>. En segundo lugar, te permite mejorar tu t\u00e9cnica. Con esto en cuenta, te traemos otras ventajas de realizar simuladores del examen de admisi\u00f3n a la Universidad San Francisco de Quito:<br \/>\n<div class=\"shortcode-wrapper shortcode-list clearfix\"><ul class=\"hb-ul-list\">\n<li><i class=\"icon-ok\" style=\"color:#ce6b01\"><\/i>Como primer punto, te permite conocer ejercicios modelos del examen.<\/li>\n<li><i class=\"icon-ok\" style=\"color:#009bdb\"><\/i>Adicionalmente, puedes familiarizarte con el examen.<\/li>\n<li><i class=\"icon-ok\" style=\"color:#db9600\"><\/i>Tambi\u00e9n. conocer\u00e1s los temas en los que fallas.<\/li>\n<li><i class=\"icon-ok\" style=\"color:#ba007c\"><\/i>Finalmente, puedes repetir la prueba las veces que desees.<\/li>\n<\/ul><\/div>\n<h3 style=\"text-align: center;\">Acceso Simulador USFQ<\/h3>\n<p><strong>Nuestro simulador se ajustan al modelo de examen de la USFQ<\/strong>. As\u00ed, tienen el mismo tiempo para cada razonamiento, asimismo, la misma cantidad de preguntas y adem\u00e1s te califican bajo los mismos criterios que lo hace la Universidad. <strong>Con este acceso b\u00e1sico tendr\u00e1s un simulador de razonamiento verbal y uno de matem\u00e1ticas.<\/strong> De esta manera, tus resultados ser\u00e1n los mejores. \u00a1Prep\u00e1rate de forma inteligente! Cumple tus metas e ingresa a la Universidad de tus sue\u00f1os.<\/p>\n<h3 style=\"text-align: center;\">Aliados Con USFQ Alumni<\/h3>\n<p>Estudia Inteligente trabaja continuamente con sus aliados estrat\u00e9gicos, ellos aportan a dictar clases de calidad y cada d\u00eda ofrecer un mejor servicio. En este sentido, nos hemos aliado con USFQ Alumni para brindarte los mejores beneficios. Recuerda, si eres miembro de la red <strong>USFQ Alumni tienes derecho al 15% de descuento en cualquiera de nuestros cursos y 10% de descuento para tutor\u00edas y orientaci\u00f3n vocacional.<\/strong><\/p>\n<h3 style=\"text-align: center;\">Curso de Preparaci\u00f3n Examen de Admisi\u00f3n USFQ<\/h3>\n<p>\u00bfQuieres m\u00e1s? <strong>Tenemos un curso de preparaci\u00f3n con clases personalizadas especialmente dise\u00f1ado para ti.<\/strong> Conoce m\u00e1s sobre nuestro <a href=\"https:\/\/estudiainteligente.com\/site\/curso-de-admison-examen-usfq\/\" target=\"_blank\" rel=\"noopener\"><b>Examen de Admisi\u00f3n USFQ aqu\u00ed.<\/b><\/a> As\u00ed, podr\u00e1s prepararte de la mejor manera para que des lo mejor de ti. De esta forma, obtendr\u00e1s los mejores puntajes y asegurar\u00e1s tu ingreso a la USFQ.<\/p>\n<p>Tambi\u00e9n contamos con <a href=\"https:\/\/estudiainteligente.com\/site\/producto\/simuladores-completos-examen-usfq\/\" target=\"_blank\" rel=\"noopener\"><strong>Acceso Completo a TODOS nuestros simuladores, aqu\u00ed<\/strong><\/a> tendr\u00e1s <strong>6 simuladores de matem\u00e1ticas y 5 simuladores de verbal<\/strong>.<\/p>\n<p>Finalmente, \u00bftienes preguntas sobre nuestros simuladores o cursos?<\/p>\n<p>Escr\u00edbenos a nuestro<strong> <a href=\"https:\/\/wa.me\/message\/DSGEYLXGEBW5B1\" target=\"_blank\" rel=\"noopener\">WhatsApp 0987960020<\/a><\/strong>. \u00a1Recuerda, estamos siempre felices de ayudarte!<\/p>\n<a href=\"https:\/\/api.whatsapp.com\/send?phone=593987960020&amp;text=Hola \ud83d\udc4b quiero m\u00e1s informaci\u00f3n sobre el simulador del examen de admisi\u00f3n a la USFQ mi nombre es:\" class=\"hb-button hb-green-sea hb-large-button no-three-d\" target=\"_blank\" style=\"-webkit-border-radius: 2px;-moz-border-radius: 2px;border-radius: 2px;\"><i class=\"hb-moon-call-outgoing\"><\/i>WhatsApp 0987960020<\/a>\n","protected":false},"excerpt":{"rendered":"<p><strong>Acceso al Simulador B\u00e1sico del Examen de Admisi\u00f3n a la USFQ PAA College Board<\/strong><\/p>\n<p>Practica de la mejor manera para el Examen de Admisi\u00f3n a la USFQ con <strong>nuestro simulador b\u00e1sico<\/strong>. Recibir\u00e1s <strong>acceso 24h 7 d\u00edas a la semana por 20 d\u00edas<\/strong> desde la fecha de compra. \u00a1Recuerda! Estudia Inteligente es tu mejor opci\u00f3n.<\/p>\n<p><strong>Contenido Del Simulador<\/strong><\/p>\n[list type=\"icon\"]<br \/>\n[list_item icon=\"icon-ok\" color=\"#ba007c\"]Un simulador del razonamiento <strong>matem\u00e1tico<\/strong>.[\/list_item]<br \/>\n[list_item icon=\"icon-ok\" color=\"#009bdb\"]Un simulador del razonamiento <strong>verbal<\/strong>.[\/list_item]<br \/>\n[list_item icon=\"icon-ok\" color=\"#db9600\"]<strong>Videos explicativos<\/strong> de la gu\u00eda del examen.[\/list_item]<br \/>\n[list_item icon=\"icon-ok\" color=\"#ce6b01\"]Tendr\u00e1s el acceso a todos nuestro simulador de admisi\u00f3n USFQ por un per\u00edodo de <strong>20 d\u00edas<\/strong> desde la fecha de compra.[\/list_item]<br \/>\n[\/list]\n[button title=\"WhatsApp 0987960020\" link=\"https:\/\/api.whatsapp.com\/send?phone=593987960020&amp;text=Hola \ud83d\udc4b quiero m\u00e1s informaci\u00f3n sobre el simulador del examen de admisi\u00f3n a la USFQ mi nombre es:\" new_tab=\"yes\" icon=\"hb-moon-call-outgoing\" size=\"small\" color=\"green-sea\"]\n","protected":false},"featured_media":7056,"template":"","meta":[],"product_brand":[],"product_cat":[448],"product_tag":[458,461,459,453],"class_list":{"0":"post-4072","1":"product","2":"type-product","3":"status-publish","4":"has-post-thumbnail","6":"product_cat-simuladores","7":"product_tag-cursousfq","8":"product_tag-ingresousfq","9":"product_tag-simuladorusfq","10":"product_tag-admisionusfq","12":"first","13":"instock","14":"virtual","15":"taxable","16":"purchasable","17":"product-type-simple"},"yoast_head":"<!-- This site is optimized with the Yoast SEO plugin v27.2 - https:\/\/yoast.com\/product\/yoast-seo-wordpress\/ -->\n<title>Acceso Simulador USFQ - Estudia Inteligente<\/title>\n<meta name=\"description\" content=\"Obt\u00e9n tu Acceso Simulador USFQ, estudia de forma inteligente para ingresar a la USFQ con nuestros simuladores.\" \/>\n<meta name=\"robots\" content=\"index, follow, max-snippet:-1, max-image-preview:large, max-video-preview:-1\" \/>\n<link rel=\"canonical\" href=\"https:\/\/estudiainteligente.com\/site\/producto\/acceso-simulador-usfq\/\" \/>\n<meta property=\"og:locale\" content=\"es_ES\" \/>\n<meta property=\"og:type\" content=\"article\" \/>\n<meta property=\"og:title\" content=\"Acceso Simulador USFQ - Estudia Inteligente\" \/>\n<meta property=\"og:description\" content=\"Obt\u00e9n tu Acceso Simulador USFQ, estudia de forma inteligente para ingresar a la USFQ con nuestros simuladores.\" \/>\n<meta property=\"og:url\" content=\"https:\/\/estudiainteligente.com\/site\/producto\/acceso-simulador-usfq\/\" \/>\n<meta property=\"og:site_name\" content=\"Estudia Inteligente\" \/>\n<meta property=\"article:publisher\" content=\"http:\/\/www.facebook.com\/estudiainteligente\" \/>\n<meta property=\"article:modified_time\" content=\"2025-04-04T19:38:14+00:00\" \/>\n<meta property=\"og:image\" content=\"https:\/\/estudiainteligente.com\/site\/wp-content\/uploads\/2021\/03\/Simulador-usfq.jpg\" \/>\n\t<meta property=\"og:image:width\" content=\"1080\" \/>\n\t<meta property=\"og:image:height\" content=\"1080\" \/>\n\t<meta property=\"og:image:type\" content=\"image\/jpeg\" \/>\n<meta name=\"twitter:card\" content=\"summary_large_image\" \/>\n<meta name=\"twitter:label1\" content=\"Tiempo de lectura\" \/>\n\t<meta name=\"twitter:data1\" content=\"3 minutos\" \/>\n<script type=\"application\/ld+json\" class=\"yoast-schema-graph\">{\"@context\":\"https:\/\/schema.org\",\"@graph\":[{\"@type\":\"WebPage\",\"@id\":\"https:\/\/estudiainteligente.com\/site\/producto\/acceso-simulador-usfq\/\",\"url\":\"https:\/\/estudiainteligente.com\/site\/producto\/acceso-simulador-usfq\/\",\"name\":\"Acceso Simulador USFQ - Estudia Inteligente\",\"isPartOf\":{\"@id\":\"https:\/\/estudiainteligente.com\/site\/#website\"},\"primaryImageOfPage\":{\"@id\":\"https:\/\/estudiainteligente.com\/site\/producto\/acceso-simulador-usfq\/#primaryimage\"},\"image\":{\"@id\":\"https:\/\/estudiainteligente.com\/site\/producto\/acceso-simulador-usfq\/#primaryimage\"},\"thumbnailUrl\":\"https:\/\/estudiainteligente.com\/site\/wp-content\/uploads\/2021\/03\/Simulador-usfq.jpg\",\"datePublished\":\"2021-04-10T18:43:53+00:00\",\"dateModified\":\"2025-04-04T19:38:14+00:00\",\"description\":\"Obt\u00e9n tu Acceso Simulador USFQ, estudia de forma inteligente para ingresar a la USFQ con nuestros simuladores.\",\"breadcrumb\":{\"@id\":\"https:\/\/estudiainteligente.com\/site\/producto\/acceso-simulador-usfq\/#breadcrumb\"},\"inLanguage\":\"es\",\"potentialAction\":[{\"@type\":\"ReadAction\",\"target\":[\"https:\/\/estudiainteligente.com\/site\/producto\/acceso-simulador-usfq\/\"]}]},{\"@type\":\"ImageObject\",\"inLanguage\":\"es\",\"@id\":\"https:\/\/estudiainteligente.com\/site\/producto\/acceso-simulador-usfq\/#primaryimage\",\"url\":\"https:\/\/estudiainteligente.com\/site\/wp-content\/uploads\/2021\/03\/Simulador-usfq.jpg\",\"contentUrl\":\"https:\/\/estudiainteligente.com\/site\/wp-content\/uploads\/2021\/03\/Simulador-usfq.jpg\",\"width\":1080,\"height\":1080,\"caption\":\"Simulador Examen USFQ\"},{\"@type\":\"BreadcrumbList\",\"@id\":\"https:\/\/estudiainteligente.com\/site\/producto\/acceso-simulador-usfq\/#breadcrumb\",\"itemListElement\":[{\"@type\":\"ListItem\",\"position\":1,\"name\":\"Portada\",\"item\":\"https:\/\/estudiainteligente.com\/site\/\"},{\"@type\":\"ListItem\",\"position\":2,\"name\":\"Tienda\",\"item\":\"https:\/\/estudiainteligente.com\/site\/tienda\/\"},{\"@type\":\"ListItem\",\"position\":3,\"name\":\"Acceso Simulador USFQ\"}]},{\"@type\":\"WebSite\",\"@id\":\"https:\/\/estudiainteligente.com\/site\/#website\",\"url\":\"https:\/\/estudiainteligente.com\/site\/\",\"name\":\"Estudia Inteligente\",\"description\":\"Centro de estudios y Clases de nivelaci\u00f3n\",\"publisher\":{\"@id\":\"https:\/\/estudiainteligente.com\/site\/#organization\"},\"potentialAction\":[{\"@type\":\"SearchAction\",\"target\":{\"@type\":\"EntryPoint\",\"urlTemplate\":\"https:\/\/estudiainteligente.com\/site\/?s={search_term_string}\"},\"query-input\":{\"@type\":\"PropertyValueSpecification\",\"valueRequired\":true,\"valueName\":\"search_term_string\"}}],\"inLanguage\":\"es\"},{\"@type\":\"Organization\",\"@id\":\"https:\/\/estudiainteligente.com\/site\/#organization\",\"name\":\"Estudia Inteligente\",\"url\":\"https:\/\/estudiainteligente.com\/site\/\",\"logo\":{\"@type\":\"ImageObject\",\"inLanguage\":\"es\",\"@id\":\"https:\/\/estudiainteligente.com\/site\/#\/schema\/logo\/image\/\",\"url\":\"https:\/\/i0.wp.com\/estudiainteligente.com\/site\/wp-content\/uploads\/2019\/02\/LogoWeb.png?fit=230%2C134&ssl=1\",\"contentUrl\":\"https:\/\/i0.wp.com\/estudiainteligente.com\/site\/wp-content\/uploads\/2019\/02\/LogoWeb.png?fit=230%2C134&ssl=1\",\"width\":230,\"height\":134,\"caption\":\"Estudia Inteligente\"},\"image\":{\"@id\":\"https:\/\/estudiainteligente.com\/site\/#\/schema\/logo\/image\/\"},\"sameAs\":[\"http:\/\/www.facebook.com\/estudiainteligente\",\"https:\/\/www.instagram.com\/estudiainteligente\/\",\"https:\/\/www.pinterest.com\/estudiainteligente\/\",\"https:\/\/www.youtube.com\/channel\/UCWmGCRKEufrBD1bhksU5XGw\"]}]}<\/script>\n<!-- \/ Yoast SEO plugin. -->","yoast_head_json":{"title":"Acceso Simulador USFQ - Estudia Inteligente","description":"Obt\u00e9n tu Acceso Simulador USFQ, estudia de forma inteligente para ingresar a la USFQ con nuestros simuladores.","robots":{"index":"index","follow":"follow","max-snippet":"max-snippet:-1","max-image-preview":"max-image-preview:large","max-video-preview":"max-video-preview:-1"},"canonical":"https:\/\/estudiainteligente.com\/site\/producto\/acceso-simulador-usfq\/","og_locale":"es_ES","og_type":"article","og_title":"Acceso Simulador USFQ - Estudia Inteligente","og_description":"Obt\u00e9n tu Acceso Simulador USFQ, estudia de forma inteligente para ingresar a la USFQ con nuestros simuladores.","og_url":"https:\/\/estudiainteligente.com\/site\/producto\/acceso-simulador-usfq\/","og_site_name":"Estudia Inteligente","article_publisher":"http:\/\/www.facebook.com\/estudiainteligente","article_modified_time":"2025-04-04T19:38:14+00:00","og_image":[{"width":1080,"height":1080,"url":"https:\/\/estudiainteligente.com\/site\/wp-content\/uploads\/2021\/03\/Simulador-usfq.jpg","type":"image\/jpeg"}],"twitter_card":"summary_large_image","twitter_misc":{"Tiempo de lectura":"3 minutos"},"schema":{"@context":"https:\/\/schema.org","@graph":[{"@type":"WebPage","@id":"https:\/\/estudiainteligente.com\/site\/producto\/acceso-simulador-usfq\/","url":"https:\/\/estudiainteligente.com\/site\/producto\/acceso-simulador-usfq\/","name":"Acceso Simulador USFQ - Estudia Inteligente","isPartOf":{"@id":"https:\/\/estudiainteligente.com\/site\/#website"},"primaryImageOfPage":{"@id":"https:\/\/estudiainteligente.com\/site\/producto\/acceso-simulador-usfq\/#primaryimage"},"image":{"@id":"https:\/\/estudiainteligente.com\/site\/producto\/acceso-simulador-usfq\/#primaryimage"},"thumbnailUrl":"https:\/\/estudiainteligente.com\/site\/wp-content\/uploads\/2021\/03\/Simulador-usfq.jpg","datePublished":"2021-04-10T18:43:53+00:00","dateModified":"2025-04-04T19:38:14+00:00","description":"Obt\u00e9n tu Acceso Simulador USFQ, estudia de forma inteligente para ingresar a la USFQ con nuestros simuladores.","breadcrumb":{"@id":"https:\/\/estudiainteligente.com\/site\/producto\/acceso-simulador-usfq\/#breadcrumb"},"inLanguage":"es","potentialAction":[{"@type":"ReadAction","target":["https:\/\/estudiainteligente.com\/site\/producto\/acceso-simulador-usfq\/"]}]},{"@type":"ImageObject","inLanguage":"es","@id":"https:\/\/estudiainteligente.com\/site\/producto\/acceso-simulador-usfq\/#primaryimage","url":"https:\/\/estudiainteligente.com\/site\/wp-content\/uploads\/2021\/03\/Simulador-usfq.jpg","contentUrl":"https:\/\/estudiainteligente.com\/site\/wp-content\/uploads\/2021\/03\/Simulador-usfq.jpg","width":1080,"height":1080,"caption":"Simulador Examen USFQ"},{"@type":"BreadcrumbList","@id":"https:\/\/estudiainteligente.com\/site\/producto\/acceso-simulador-usfq\/#breadcrumb","itemListElement":[{"@type":"ListItem","position":1,"name":"Portada","item":"https:\/\/estudiainteligente.com\/site\/"},{"@type":"ListItem","position":2,"name":"Tienda","item":"https:\/\/estudiainteligente.com\/site\/tienda\/"},{"@type":"ListItem","position":3,"name":"Acceso Simulador USFQ"}]},{"@type":"WebSite","@id":"https:\/\/estudiainteligente.com\/site\/#website","url":"https:\/\/estudiainteligente.com\/site\/","name":"Estudia Inteligente","description":"Centro de estudios y Clases de nivelaci\u00f3n","publisher":{"@id":"https:\/\/estudiainteligente.com\/site\/#organization"},"potentialAction":[{"@type":"SearchAction","target":{"@type":"EntryPoint","urlTemplate":"https:\/\/estudiainteligente.com\/site\/?s={search_term_string}"},"query-input":{"@type":"PropertyValueSpecification","valueRequired":true,"valueName":"search_term_string"}}],"inLanguage":"es"},{"@type":"Organization","@id":"https:\/\/estudiainteligente.com\/site\/#organization","name":"Estudia Inteligente","url":"https:\/\/estudiainteligente.com\/site\/","logo":{"@type":"ImageObject","inLanguage":"es","@id":"https:\/\/estudiainteligente.com\/site\/#\/schema\/logo\/image\/","url":"https:\/\/i0.wp.com\/estudiainteligente.com\/site\/wp-content\/uploads\/2019\/02\/LogoWeb.png?fit=230%2C134&ssl=1","contentUrl":"https:\/\/i0.wp.com\/estudiainteligente.com\/site\/wp-content\/uploads\/2019\/02\/LogoWeb.png?fit=230%2C134&ssl=1","width":230,"height":134,"caption":"Estudia Inteligente"},"image":{"@id":"https:\/\/estudiainteligente.com\/site\/#\/schema\/logo\/image\/"},"sameAs":["http:\/\/www.facebook.com\/estudiainteligente","https:\/\/www.instagram.com\/estudiainteligente\/","https:\/\/www.pinterest.com\/estudiainteligente\/","https:\/\/www.youtube.com\/channel\/UCWmGCRKEufrBD1bhksU5XGw"]}]}},"post_mailing_queue_ids":[],"_links":{"self":[{"href":"https:\/\/estudiainteligente.com\/site\/wp-json\/wp\/v2\/product\/4072","targetHints":{"allow":["GET"]}}],"collection":[{"href":"https:\/\/estudiainteligente.com\/site\/wp-json\/wp\/v2\/product"}],"about":[{"href":"https:\/\/estudiainteligente.com\/site\/wp-json\/wp\/v2\/types\/product"}],"wp:featuredmedia":[{"embeddable":true,"href":"https:\/\/estudiainteligente.com\/site\/wp-json\/wp\/v2\/media\/7056"}],"wp:attachment":[{"href":"https:\/\/estudiainteligente.com\/site\/wp-json\/wp\/v2\/media?parent=4072"}],"wp:term":[{"taxonomy":"product_brand","embeddable":true,"href":"https:\/\/estudiainteligente.com\/site\/wp-json\/wp\/v2\/product_brand?post=4072"},{"taxonomy":"product_cat","embeddable":true,"href":"https:\/\/estudiainteligente.com\/site\/wp-json\/wp\/v2\/product_cat?post=4072"},{"taxonomy":"product_tag","embeddable":true,"href":"https:\/\/estudiainteligente.com\/site\/wp-json\/wp\/v2\/product_tag?post=4072"}],"curies":[{"name":"wp","href":"https:\/\/api.w.org\/{rel}","templated":true}]}}