{"id":4200,"date":"2021-04-27T16:52:34","date_gmt":"2021-04-27T21:52:34","guid":{"rendered":"https:\/\/estudiainteligente.com\/site\/?post_type=product&#038;p=4200"},"modified":"2025-03-13T12:42:52","modified_gmt":"2025-03-13T17:42:52","slug":"clases-privadas","status":"publish","type":"product","link":"https:\/\/estudiainteligente.com\/site\/producto\/clases-privadas\/","title":{"rendered":"Plan 20 Horas de Clases"},"content":{"rendered":"<div class=\"wpb-content-wrapper\"><div class=\"row clearfix\">\n<div class=\"col-12 \">\n<div class=\"shortcode-wrapper shortcode-list clearfix\">\n[vc_section css=\u00bb.vc_custom_1657733861199{background-position: center !important;background-repeat: no-repeat !important;background-size: cover !important;}\u00bb][vc_row el_class=\u00bb, aligncenter , largo80 , shadow-dreamy\u00bb css=\u00bb.vc_custom_1657844105381{padding-top: 10px !important;padding-left: 25px !important;}\u00bb][vc_column width=\u00bb2\/3&#8243;][vc_icon icon_fontawesome=\u00bbfas fa-bell\u00bb color=\u00bbcustom\u00bb size=\u00bbxl\u00bb custom_color=\u00bb#dd3333&#8243;][vc_column_text]\n<h2 style=\"text-align: left;\"><span style=\"color: #ff0000;\">Todas nuestras clases de nivelaci\u00f3n son 100% personalizadas<\/span><\/h2>\n<p style=\"text-align: left;\"><span style=\"color: #000000;\">\u00bfSab\u00edas que aprender\u00a0 con clases privadas de nivelaci\u00f3n acad\u00e9mica te permite captar con exactitud los temas importantes de la clase? La metodolog\u00eda personalizada de Estudia Inteligente est\u00e1 dise\u00f1ada para que los profesores certificados en <a href=\"https:\/\/estudiainteligente.com\/site\/curso-de-docencia-virtual-2\/\" target=\"_blank\" rel=\"noopener\">docencia virtual<\/a> acompa\u00f1en tu proceso de formaci\u00f3n e identifiquen cu\u00e1les son los temas que necesitas reforzar para que aprendas justo lo que necesitas. Por estas razones, Estudia Inteligente es tu mejor opci\u00f3n.<\/span><\/p>\n<p>\u00a0[\/vc_column_text]<div class=\"shortcode-wrapper shortcode-spacer clearfix\"><div class=\"spacer\"><\/div><\/div>[\/vc_column][vc_column width=\u00bb1\/3&#8243;][vc_single_image image=\u00bb2066&#8243; img_size=\u00bbfull\u00bb alignment=\u00bbcenter\u00bb][\/vc_column][\/vc_row][\/vc_section]\n[vc_section css=\u00bb.vc_custom_1657733861199{background-position: center !important;background-repeat: no-repeat !important;background-size: cover !important;}\u00bb][vc_row el_class=\u00bb, aligncenter , largo80 , shadow-dreamy\u00bb css=\u00bb.vc_custom_1657733953787{padding-top: 35px !important;}\u00bb][vc_column]<div class=\"shortcode-wrapper shortcode-title clearfix\"><h2 style=\"color:#dd3333!important;border-color:#dd3333\" class=\"aligncenter\">+4.000 estudiantes conf\u00edan en nuestras clases de nivelaci\u00f3n<\/h2><\/div><div class=\"shortcode-wrapper shortcode-spacer clearfix\"><div class=\"spacer\"><\/div><\/div>[vc_row_inner][vc_column_inner width=\u00bb1\/4&#8243; offset=\u00bbvc_col-xs-6&#8243;]<div class=\"shortcode-wrapper shortcode-icon-box clearfix\"><div class=\"feature-box aligncenter\"><div class=\"hb-icon-wrapper\"><img decoding=\"async\" class=\"icon-box-img\" src=\"https:\/\/estudiainteligente.com\/site\/wp-content\/uploads\/2022\/03\/iconos_estudia_inteligentebrain.png\" alt=\"\"><\/div><div class=\"feature-box-content with-image\"><h4 class=\"bold\">Tutores Certificados<\/h4><div class=\"hb-small-break\"><\/div><p><\/p><\/div><\/div><\/div>[\/vc_column_inner][vc_column_inner width=\u00bb1\/4&#8243; offset=\u00bbvc_col-xs-6&#8243;]<div class=\"shortcode-wrapper shortcode-icon-box clearfix\"><div class=\"feature-box aligncenter\"><div class=\"hb-icon-wrapper\"><img decoding=\"async\" class=\"icon-box-img\" src=\"https:\/\/estudiainteligente.com\/site\/wp-content\/uploads\/2022\/05\/iconos_estudia_inteligente-personalizadas.png\" alt=\"examen transformar\"><\/div><div class=\"feature-box-content with-image\"><h4 class=\"bold\">Clases Personalizadas<\/h4><div class=\"hb-small-break\"><\/div><p><\/p><\/div><\/div><\/div>[\/vc_column_inner][vc_column_inner width=\u00bb1\/4&#8243; offset=\u00bbvc_col-xs-6&#8243;]<div class=\"shortcode-wrapper shortcode-icon-box clearfix\"><div class=\"feature-box aligncenter\"><div class=\"hb-icon-wrapper\"><img decoding=\"async\" class=\"icon-box-img\" src=\"https:\/\/estudiainteligente.com\/site\/wp-content\/uploads\/2022\/03\/iconos_estudia_inteligenteonline.png\" alt=\"\"><\/div><div class=\"feature-box-content with-image\"><h4 class=\"bold\">Tutor\u00edas Interactivas<\/h4><div class=\"hb-small-break\"><\/div><p><\/p><\/div><\/div><\/div>[\/vc_column_inner][vc_column_inner width=\u00bb1\/4&#8243; offset=\u00bbvc_col-xs-6&#8243;]<div class=\"shortcode-wrapper shortcode-icon-box clearfix\"><div class=\"feature-box aligncenter\"><div class=\"hb-icon-wrapper\"><img decoding=\"async\" class=\"icon-box-img\" src=\"https:\/\/estudiainteligente.com\/site\/wp-content\/uploads\/2022\/01\/iconos_estudia_inteligente5-100.png\" alt=\"\"><\/div><div class=\"feature-box-content with-image\"><h4 class=\"bold\">100% Seguro<\/h4><div class=\"hb-small-break\"><\/div><p><\/p><\/div><\/div><\/div>[\/vc_column_inner][\/vc_row_inner][\/vc_column][\/vc_row][\/vc_section][vc_row][vc_column][vc_empty_space height=\u00bb40px\u00bb][\/vc_column][\/vc_row][vc_section content_placement=\u00bbmiddle\u00bb][vc_row content_placement=\u00bbmiddle\u00bb el_class=\u00bb, aligncenter , largo50&#8243; css=\u00bb.vc_custom_1657842939707{padding-top: 35px !important;}\u00bb][vc_column]<div class=\"shortcode-wrapper shortcode-title clearfix\"><h2 style=\"color:#dd3333!important;border-color:#dd3333\" class=\"aligncenter\">Clases de nivelaci\u00f3n para cada estudiante<\/h2><\/div><div class=\"shortcode-wrapper shortcode-spacer clearfix\"><div class=\"spacer\" style=\"height:25px;\"><\/div><\/div>[vc_row_inner content_placement=\u00bbtop\u00bb css=\u00bb.vc_custom_1657926001763{padding-right: 8px !important;padding-left: 8px !important;}\u00bb][vc_column_inner width=\u00bb1\/3&#8243; offset=\u00bbvc_col-xs-4&#8243;][vc_column_text el_class=\u00bb, roundbackground\u00bb css=\u00bb.vc_custom_1657925731973{margin-top: -8px !important;}\u00bb]\n<h4>Educaci\u00f3n b\u00e1sica<\/h4>\n[\/vc_column_text][\/vc_column_inner][vc_column_inner width=\u00bb1\/3&#8243; offset=\u00bbvc_col-xs-4&#8243;][vc_column_text el_class=\u00bb, roundbackground\u00bb css=\u00bb.vc_custom_1657925758389{margin-top: -8px !important;}\u00bb]\n<h4>Bachillerato<\/h4>\n[\/vc_column_text][\/vc_column_inner][vc_column_inner width=\u00bb1\/3&#8243; offset=\u00bbvc_col-xs-4&#8243;][vc_column_text el_class=\u00bb, roundbackground\u00bb css=\u00bb.vc_custom_1657925771456{margin-top: -8px !important;}\u00bb]\n<h4>Universidad<\/h4>\n[\/vc_column_text][\/vc_column_inner][\/vc_row_inner][\/vc_column][\/vc_row][\/vc_section][vc_section full_width=\u00bbstretch_row\u00bb css=\u00bb.vc_custom_1657742423047{background-position: center !important;background-repeat: no-repeat !important;background-size: cover !important;}\u00bb][vc_row][vc_column width=\u00bb1\/4&#8243; offset=\u00bbvc_col-xs-6&#8243;]<div class=\"shortcode-wrapper shortcode-icon-box clearfix\"><div class=\"feature-box aligncenter\"><div class=\"hb-icon-wrapper\"><i class=\"fas fa-square-root-alt ic-holder-1\"><\/i><\/div><div class=\"feature-box-content\"><h4 class=\"bold\">Matem\u00e1ticas<\/h4><div class=\"hb-small-break\"><\/div><p><\/p><\/div><\/div><\/div>[\/vc_column][vc_column width=\u00bb1\/4&#8243; offset=\u00bbvc_col-xs-6&#8243;]<div class=\"shortcode-wrapper shortcode-icon-box clearfix\"><div class=\"feature-box aligncenter\"><div class=\"hb-icon-wrapper\"><i class=\"icon-cog ic-holder-1\"><\/i><\/div><div class=\"feature-box-content\"><h4 class=\"bold\">F\u00edsica<\/h4><div class=\"hb-small-break\"><\/div><p><\/p><\/div><\/div><\/div>[\/vc_column][vc_column width=\u00bb1\/4&#8243; offset=\u00bbvc_col-xs-6&#8243;]<div class=\"shortcode-wrapper shortcode-icon-box clearfix\"><div class=\"feature-box aligncenter\"><div class=\"hb-icon-wrapper\"><i class=\"fas fa-globe ic-holder-1\"><\/i><\/div><div class=\"feature-box-content\"><h4 class=\"bold\">Ingl\u00e9s<\/h4><div class=\"hb-small-break\"><\/div><p><\/p><\/div><\/div><\/div>[\/vc_column][vc_column width=\u00bb1\/4&#8243; offset=\u00bbvc_col-xs-6&#8243;]<div class=\"shortcode-wrapper shortcode-icon-box clearfix\"><div class=\"feature-box aligncenter\"><div class=\"hb-icon-wrapper\"><i class=\"fas fa-atom ic-holder-1\"><\/i><\/div><div class=\"feature-box-content\"><h4 class=\"bold\">Qu\u00edmica y m\u00e1s<\/h4><div class=\"hb-small-break\"><\/div><p><\/p><\/div><\/div><\/div>[\/vc_column][\/vc_row][\/vc_section][vc_section][vc_row el_class=\u00bb, aligncenter , largo80 , shadow-dreamy\u00bb][vc_column][vc_row_inner css=\u00bb.vc_custom_1657843725155{padding-top: 35px !important;}\u00bb][vc_column_inner width=\u00bb2\/3&#8243;]<div class=\"shortcode-wrapper shortcode-title clearfix\"><h2 style=\"color:#dd3333!important;border-color:#dd3333\" class=\"aligncenter\">Conoce nuestro proceso de ense\u00f1anza<\/h2><\/div>[vc_column_text css=\u00bb.vc_custom_1657925805389{margin-top: 45px !important;}\u00bb]<div class=\"hb-process-steps clearfix steps-4 \"><ul class=\"hb-process\">\n<li><div class=\"feature-box aligncenter\"><i class=\"icon-search ic-holder-1\"><\/i><h4 class=\"bold\">1. Diagn\u00f3stico<\/h4><div class=\"hb-small-break\"><\/div><p>Recibe un diagn\u00f3stico de nuestros expertos<\/p><\/div><\/li>\n<li><div class=\"feature-box aligncenter\"><i class=\"icon-user ic-holder-1\"><\/i><h4 class=\"bold\">2. Tutor<\/h4><div class=\"hb-small-break\"><\/div><p>Te asignamos al mejor tutor<\/p><\/div><\/li><li><div class=\"feature-box aligncenter\"><i class=\"hb-moon-bubbles-10 ic-holder-1\"><\/i><h4 class=\"bold\">3. Clases Personalizadas<\/h4><div class=\"hb-small-break\"><\/div><p>Recibes clases privadas 1 a 1<\/p><\/div><\/li>\n<li><div class=\"feature-box aligncenter\"><i class=\"icon-trophy ic-holder-1\"><\/i><h4 class=\"bold\">4. Cumple tus metas<\/h4><div class=\"hb-small-break\"><\/div><p>Cumples todos tus logros acad\u00e9micos<\/p><\/div><\/li>\n<\/ul><\/div>[\/vc_column_text][\/vc_column_inner][vc_column_inner width=\u00bb1\/3&#8243;][vc_single_image image=\u00bb8567&#8243; img_size=\u00bbfull\u00bb][\/vc_column_inner][\/vc_row_inner][\/vc_column][\/vc_row][vc_row][vc_column]<div class=\"hb-no-frame  , aligncenter \"><span><a><img decoding=\"async\" src=\"https:\/\/estudiainteligente.com\/site\/wp-content\/uploads\/2021\/04\/modaro.png\" width=\"100\" height=\"100\" alt=\"Image\"\/><\/a><\/span><\/div>[vc_empty_space height=\u00bb40px\u00bb][vc_column_text]\n<p style=\"text-align: center; font-size: 32px; line-height: 32px;\">Cont\u00e1ctanos ahora mismo a nuestro <a href=\"https:\/\/api.whatsapp.com\/send?phone=593987960020&amp;text=Hola%20estoy%20interesad@%20en%20recibir%20tutor\u00edas%20personalizadas%20\" target=\"_blank\" rel=\"noopener\">WhatsApp<\/a><\/p>\n[\/vc_column_text]<div class=\"aligncenter\"><a href=\"https:\/\/api.whatsapp.com\/send?phone=593987960020&amp;text=Hola%20estoy%20interesad@%20en%20recibir%20tutor\u00edas%20personalizadas%20\" class=\"hb-button hb-nephritis hb-large-button no-three-d\" target=\"_blank\" style=\"-webkit-border-radius: 25px;-moz-border-radius: 25px;border-radius: 25px;\"><i class=\"fab fa-whatsapp\"><\/i>Contactarme<\/a><\/div>[\/vc_column][\/vc_row][\/vc_section]\n<\/div>\n<\/div>\n<\/div>\n<\/div>","protected":false},"excerpt":{"rendered":"<h2 class=\"aligncenter\" style=\"text-align: center;\"><span style=\"color: #ff0000;\">Paquete de 20 horas en clases de nivelaci\u00f3n<\/span><\/h2>\n<p>Las 20 horas de clases las puedes usar en tutor\u00edas de matem\u00e1ticas, f\u00edsica, qu\u00edmica o cualquier asignatura que prefieras.<\/p>\n<p class=\"shortcode-wrapper shortcode-spacer clearfix\">El paquete de clases de nivealaci\u00f3n incluye:<\/p>\n<div class=\"row clearfix\">\n<div class=\"col-12 \">\n<div class=\"shortcode-wrapper shortcode-list clearfix\">\n<ul class=\"hb-ul-list\">\n<li>20 horas de clases 100% personalizadas con tutores especializados en cada asignatura.<\/li>\n<li>Horario a preferencia del estudiante.<\/li>\n<li>Historial de progreso semanal.<\/li>\n<li>Acceso a nuestra plataforma <a href=\"https:\/\/estudiasmart.com\" target=\"_blank\" rel=\"noopener\">Estudia Virtual<\/a> donde encontrar\u00e1s material y bibliograf\u00eda extra.<\/li>\n<\/ul>\n<p style=\"font-size: 12px;\">*Las 20 horas de clases deben ser tomadas en un tiempo m\u00e1ximo de un mes una vez contratadas, caso contrario expirar\u00e1n.<\/p>\n<\/div>\n<\/div>\n<p>&nbsp;<\/p>\n<\/div>\n<p>[vc_row][vc_column][image_frame url=\"3986\" class=\", aligncenter\"][vc_empty_space height=\u00bb40px\u00bb][vc_column_text]<\/p>\n<p style=\"text-align: center; font-size: 18px; line-height: 32px;\">\u00bfTienes dudas? cont\u00e1ctanos a nuestro <a href=\"https:\/\/api.whatsapp.com\/send?phone=593987960020&amp;text=Hola%20estoy%20interesad@%20en%20recibir%20tutor\u00edas%20personalizadas%20\" target=\"_blank\" rel=\"noopener\">WhatsApp<\/a><\/p>\n<p>[\/vc_column_text][button new_tab=\"yes\" border_radius=\"25\" size=\"large\" color=\"nephritis\" title=\"098-796-0020\" link=\"https:\/\/api.whatsapp.com\/send?phone=593987960020&amp;text=Hola%20estoy%20interesad@%20en%20recibir%20tutor\u00edas%20personalizadas%20 mi nombre es: \" icon=\"fab fa-whatsapp\" class=\"aligncenter\"][\/vc_column][\/vc_row]<\/p>\n","protected":false},"featured_media":2681,"template":"","meta":[],"product_brand":[],"product_cat":[86],"product_tag":[],"class_list":{"0":"post-4200","1":"product","2":"type-product","3":"status-publish","4":"has-post-thumbnail","6":"product_cat-cursos","8":"first","9":"instock","10":"virtual","11":"taxable","12":"purchasable","13":"product-type-simple"},"yoast_head":"<!-- This site is optimized with the Yoast SEO plugin v27.5 - https:\/\/yoast.com\/product\/yoast-seo-wordpress\/ -->\n<title>Clases privadas de nivelaci\u00f3n - Estudia Inteligente<\/title>\n<meta name=\"description\" content=\"20 horas de clases privadas de nivelaci\u00f3n en la materia que necesites. Tutores especializados, clases 100% personalizadas. Inscr\u00edbete ahora\" \/>\n<meta name=\"robots\" content=\"index, follow, max-snippet:-1, max-image-preview:large, max-video-preview:-1\" \/>\n<link rel=\"canonical\" href=\"https:\/\/estudiainteligente.com\/site\/producto\/clases-privadas\/\" \/>\n<meta property=\"og:locale\" content=\"es_ES\" \/>\n<meta property=\"og:type\" content=\"article\" \/>\n<meta property=\"og:title\" content=\"Clases privadas de nivelaci\u00f3n - Estudia Inteligente\" \/>\n<meta property=\"og:description\" content=\"20 horas de clases privadas de nivelaci\u00f3n en la materia que necesites. Tutores especializados, clases 100% personalizadas. Inscr\u00edbete ahora\" \/>\n<meta property=\"og:url\" content=\"https:\/\/estudiainteligente.com\/site\/producto\/clases-privadas\/\" \/>\n<meta property=\"og:site_name\" content=\"Estudia Inteligente\" \/>\n<meta property=\"article:publisher\" content=\"http:\/\/www.facebook.com\/estudiainteligente\" \/>\n<meta property=\"article:modified_time\" content=\"2025-03-13T17:42:52+00:00\" \/>\n<meta property=\"og:image\" content=\"https:\/\/estudiainteligente.com\/site\/wp-content\/uploads\/2020\/09\/1.png\" \/>\n\t<meta property=\"og:image:width\" content=\"1080\" \/>\n\t<meta property=\"og:image:height\" content=\"1080\" \/>\n\t<meta property=\"og:image:type\" content=\"image\/png\" \/>\n<meta name=\"twitter:card\" content=\"summary_large_image\" \/>\n<meta name=\"twitter:label1\" content=\"Tiempo de lectura\" \/>\n\t<meta name=\"twitter:data1\" content=\"2 minutos\" \/>\n<script type=\"application\/ld+json\" class=\"yoast-schema-graph\">{\"@context\":\"https:\\\/\\\/schema.org\",\"@graph\":[{\"@type\":\"WebPage\",\"@id\":\"https:\\\/\\\/estudiainteligente.com\\\/site\\\/producto\\\/clases-privadas\\\/\",\"url\":\"https:\\\/\\\/estudiainteligente.com\\\/site\\\/producto\\\/clases-privadas\\\/\",\"name\":\"Clases privadas de nivelaci\u00f3n - Estudia Inteligente\",\"isPartOf\":{\"@id\":\"https:\\\/\\\/estudiainteligente.com\\\/site\\\/#website\"},\"primaryImageOfPage\":{\"@id\":\"https:\\\/\\\/estudiainteligente.com\\\/site\\\/producto\\\/clases-privadas\\\/#primaryimage\"},\"image\":{\"@id\":\"https:\\\/\\\/estudiainteligente.com\\\/site\\\/producto\\\/clases-privadas\\\/#primaryimage\"},\"thumbnailUrl\":\"https:\\\/\\\/estudiainteligente.com\\\/site\\\/wp-content\\\/uploads\\\/2020\\\/09\\\/1.png\",\"datePublished\":\"2021-04-27T21:52:34+00:00\",\"dateModified\":\"2025-03-13T17:42:52+00:00\",\"description\":\"20 horas de clases privadas de nivelaci\u00f3n en la materia que necesites. Tutores especializados, clases 100% personalizadas. Inscr\u00edbete ahora\",\"breadcrumb\":{\"@id\":\"https:\\\/\\\/estudiainteligente.com\\\/site\\\/producto\\\/clases-privadas\\\/#breadcrumb\"},\"inLanguage\":\"es\",\"potentialAction\":[{\"@type\":\"ReadAction\",\"target\":[\"https:\\\/\\\/estudiainteligente.com\\\/site\\\/producto\\\/clases-privadas\\\/\"]}]},{\"@type\":\"ImageObject\",\"inLanguage\":\"es\",\"@id\":\"https:\\\/\\\/estudiainteligente.com\\\/site\\\/producto\\\/clases-privadas\\\/#primaryimage\",\"url\":\"https:\\\/\\\/estudiainteligente.com\\\/site\\\/wp-content\\\/uploads\\\/2020\\\/09\\\/1.png\",\"contentUrl\":\"https:\\\/\\\/estudiainteligente.com\\\/site\\\/wp-content\\\/uploads\\\/2020\\\/09\\\/1.png\",\"width\":1080,\"height\":1080,\"caption\":\"Clases de nivelaci\u00f3n\"},{\"@type\":\"BreadcrumbList\",\"@id\":\"https:\\\/\\\/estudiainteligente.com\\\/site\\\/producto\\\/clases-privadas\\\/#breadcrumb\",\"itemListElement\":[{\"@type\":\"ListItem\",\"position\":1,\"name\":\"Portada\",\"item\":\"https:\\\/\\\/estudiainteligente.com\\\/site\\\/\"},{\"@type\":\"ListItem\",\"position\":2,\"name\":\"Tienda\",\"item\":\"https:\\\/\\\/estudiainteligente.com\\\/site\\\/tienda\\\/\"},{\"@type\":\"ListItem\",\"position\":3,\"name\":\"Plan 20 Horas de Clases\"}]},{\"@type\":\"WebSite\",\"@id\":\"https:\\\/\\\/estudiainteligente.com\\\/site\\\/#website\",\"url\":\"https:\\\/\\\/estudiainteligente.com\\\/site\\\/\",\"name\":\"Estudia Inteligente\",\"description\":\"Centro de estudios y Clases de nivelaci\u00f3n\",\"publisher\":{\"@id\":\"https:\\\/\\\/estudiainteligente.com\\\/site\\\/#organization\"},\"potentialAction\":[{\"@type\":\"SearchAction\",\"target\":{\"@type\":\"EntryPoint\",\"urlTemplate\":\"https:\\\/\\\/estudiainteligente.com\\\/site\\\/?s={search_term_string}\"},\"query-input\":{\"@type\":\"PropertyValueSpecification\",\"valueRequired\":true,\"valueName\":\"search_term_string\"}}],\"inLanguage\":\"es\"},{\"@type\":\"Organization\",\"@id\":\"https:\\\/\\\/estudiainteligente.com\\\/site\\\/#organization\",\"name\":\"Estudia Inteligente\",\"url\":\"https:\\\/\\\/estudiainteligente.com\\\/site\\\/\",\"logo\":{\"@type\":\"ImageObject\",\"inLanguage\":\"es\",\"@id\":\"https:\\\/\\\/estudiainteligente.com\\\/site\\\/#\\\/schema\\\/logo\\\/image\\\/\",\"url\":\"https:\\\/\\\/i0.wp.com\\\/estudiainteligente.com\\\/site\\\/wp-content\\\/uploads\\\/2019\\\/02\\\/LogoWeb.png?fit=230%2C134&ssl=1\",\"contentUrl\":\"https:\\\/\\\/i0.wp.com\\\/estudiainteligente.com\\\/site\\\/wp-content\\\/uploads\\\/2019\\\/02\\\/LogoWeb.png?fit=230%2C134&ssl=1\",\"width\":230,\"height\":134,\"caption\":\"Estudia Inteligente\"},\"image\":{\"@id\":\"https:\\\/\\\/estudiainteligente.com\\\/site\\\/#\\\/schema\\\/logo\\\/image\\\/\"},\"sameAs\":[\"http:\\\/\\\/www.facebook.com\\\/estudiainteligente\",\"https:\\\/\\\/www.instagram.com\\\/estudiainteligente\\\/\",\"https:\\\/\\\/www.pinterest.com\\\/estudiainteligente\\\/\",\"https:\\\/\\\/www.youtube.com\\\/channel\\\/UCWmGCRKEufrBD1bhksU5XGw\"]}]}<\/script>\n<!-- \/ Yoast SEO plugin. -->","yoast_head_json":{"title":"Clases privadas de nivelaci\u00f3n - Estudia Inteligente","description":"20 horas de clases privadas de nivelaci\u00f3n en la materia que necesites. Tutores especializados, clases 100% personalizadas. Inscr\u00edbete ahora","robots":{"index":"index","follow":"follow","max-snippet":"max-snippet:-1","max-image-preview":"max-image-preview:large","max-video-preview":"max-video-preview:-1"},"canonical":"https:\/\/estudiainteligente.com\/site\/producto\/clases-privadas\/","og_locale":"es_ES","og_type":"article","og_title":"Clases privadas de nivelaci\u00f3n - Estudia Inteligente","og_description":"20 horas de clases privadas de nivelaci\u00f3n en la materia que necesites. Tutores especializados, clases 100% personalizadas. Inscr\u00edbete ahora","og_url":"https:\/\/estudiainteligente.com\/site\/producto\/clases-privadas\/","og_site_name":"Estudia Inteligente","article_publisher":"http:\/\/www.facebook.com\/estudiainteligente","article_modified_time":"2025-03-13T17:42:52+00:00","og_image":[{"width":1080,"height":1080,"url":"https:\/\/estudiainteligente.com\/site\/wp-content\/uploads\/2020\/09\/1.png","type":"image\/png"}],"twitter_card":"summary_large_image","twitter_misc":{"Tiempo de lectura":"2 minutos"},"schema":{"@context":"https:\/\/schema.org","@graph":[{"@type":"WebPage","@id":"https:\/\/estudiainteligente.com\/site\/producto\/clases-privadas\/","url":"https:\/\/estudiainteligente.com\/site\/producto\/clases-privadas\/","name":"Clases privadas de nivelaci\u00f3n - Estudia Inteligente","isPartOf":{"@id":"https:\/\/estudiainteligente.com\/site\/#website"},"primaryImageOfPage":{"@id":"https:\/\/estudiainteligente.com\/site\/producto\/clases-privadas\/#primaryimage"},"image":{"@id":"https:\/\/estudiainteligente.com\/site\/producto\/clases-privadas\/#primaryimage"},"thumbnailUrl":"https:\/\/estudiainteligente.com\/site\/wp-content\/uploads\/2020\/09\/1.png","datePublished":"2021-04-27T21:52:34+00:00","dateModified":"2025-03-13T17:42:52+00:00","description":"20 horas de clases privadas de nivelaci\u00f3n en la materia que necesites. Tutores especializados, clases 100% personalizadas. Inscr\u00edbete ahora","breadcrumb":{"@id":"https:\/\/estudiainteligente.com\/site\/producto\/clases-privadas\/#breadcrumb"},"inLanguage":"es","potentialAction":[{"@type":"ReadAction","target":["https:\/\/estudiainteligente.com\/site\/producto\/clases-privadas\/"]}]},{"@type":"ImageObject","inLanguage":"es","@id":"https:\/\/estudiainteligente.com\/site\/producto\/clases-privadas\/#primaryimage","url":"https:\/\/estudiainteligente.com\/site\/wp-content\/uploads\/2020\/09\/1.png","contentUrl":"https:\/\/estudiainteligente.com\/site\/wp-content\/uploads\/2020\/09\/1.png","width":1080,"height":1080,"caption":"Clases de nivelaci\u00f3n"},{"@type":"BreadcrumbList","@id":"https:\/\/estudiainteligente.com\/site\/producto\/clases-privadas\/#breadcrumb","itemListElement":[{"@type":"ListItem","position":1,"name":"Portada","item":"https:\/\/estudiainteligente.com\/site\/"},{"@type":"ListItem","position":2,"name":"Tienda","item":"https:\/\/estudiainteligente.com\/site\/tienda\/"},{"@type":"ListItem","position":3,"name":"Plan 20 Horas de Clases"}]},{"@type":"WebSite","@id":"https:\/\/estudiainteligente.com\/site\/#website","url":"https:\/\/estudiainteligente.com\/site\/","name":"Estudia Inteligente","description":"Centro de estudios y Clases de nivelaci\u00f3n","publisher":{"@id":"https:\/\/estudiainteligente.com\/site\/#organization"},"potentialAction":[{"@type":"SearchAction","target":{"@type":"EntryPoint","urlTemplate":"https:\/\/estudiainteligente.com\/site\/?s={search_term_string}"},"query-input":{"@type":"PropertyValueSpecification","valueRequired":true,"valueName":"search_term_string"}}],"inLanguage":"es"},{"@type":"Organization","@id":"https:\/\/estudiainteligente.com\/site\/#organization","name":"Estudia Inteligente","url":"https:\/\/estudiainteligente.com\/site\/","logo":{"@type":"ImageObject","inLanguage":"es","@id":"https:\/\/estudiainteligente.com\/site\/#\/schema\/logo\/image\/","url":"https:\/\/i0.wp.com\/estudiainteligente.com\/site\/wp-content\/uploads\/2019\/02\/LogoWeb.png?fit=230%2C134&ssl=1","contentUrl":"https:\/\/i0.wp.com\/estudiainteligente.com\/site\/wp-content\/uploads\/2019\/02\/LogoWeb.png?fit=230%2C134&ssl=1","width":230,"height":134,"caption":"Estudia Inteligente"},"image":{"@id":"https:\/\/estudiainteligente.com\/site\/#\/schema\/logo\/image\/"},"sameAs":["http:\/\/www.facebook.com\/estudiainteligente","https:\/\/www.instagram.com\/estudiainteligente\/","https:\/\/www.pinterest.com\/estudiainteligente\/","https:\/\/www.youtube.com\/channel\/UCWmGCRKEufrBD1bhksU5XGw"]}]}},"post_mailing_queue_ids":[],"_links":{"self":[{"href":"https:\/\/estudiainteligente.com\/site\/wp-json\/wp\/v2\/product\/4200","targetHints":{"allow":["GET"]}}],"collection":[{"href":"https:\/\/estudiainteligente.com\/site\/wp-json\/wp\/v2\/product"}],"about":[{"href":"https:\/\/estudiainteligente.com\/site\/wp-json\/wp\/v2\/types\/product"}],"wp:featuredmedia":[{"embeddable":true,"href":"https:\/\/estudiainteligente.com\/site\/wp-json\/wp\/v2\/media\/2681"}],"wp:attachment":[{"href":"https:\/\/estudiainteligente.com\/site\/wp-json\/wp\/v2\/media?parent=4200"}],"wp:term":[{"taxonomy":"product_brand","embeddable":true,"href":"https:\/\/estudiainteligente.com\/site\/wp-json\/wp\/v2\/product_brand?post=4200"},{"taxonomy":"product_cat","embeddable":true,"href":"https:\/\/estudiainteligente.com\/site\/wp-json\/wp\/v2\/product_cat?post=4200"},{"taxonomy":"product_tag","embeddable":true,"href":"https:\/\/estudiainteligente.com\/site\/wp-json\/wp\/v2\/product_tag?post=4200"}],"curies":[{"name":"wp","href":"https:\/\/api.w.org\/{rel}","templated":true}]}}