{"id":7113,"date":"2022-02-11T09:48:05","date_gmt":"2022-02-11T14:48:05","guid":{"rendered":"https:\/\/estudiainteligente.com\/site\/?post_type=product&#038;p=7113"},"modified":"2023-03-27T10:13:01","modified_gmt":"2023-03-27T15:13:01","slug":"curso-virtual-usfq","status":"publish","type":"product","link":"https:\/\/estudiainteligente.com\/site\/producto\/curso-virtual-usfq\/","title":{"rendered":"Curso Examen USFQ Virtual"},"content":{"rendered":"<h3 style=\"text-align: center;\"><strong>\u00a1Prep\u00e1rate para Ingresar a la Universidad de tus Sue\u00f1os!<\/strong><\/h3>\n<h3 style=\"text-align: left;\">Estudia de forma inteligente para ingresar a la USFQ con nuestro\u00a0 Curso Virtual del Examen de Admisi\u00f3n a la USFQ.<\/h3>\n<h3 class=\"alignleft\"><strong>Contenido<\/strong><\/h3>\n<p style=\"text-align: left;\"><strong>Curso Virtual de preparaci\u00f3n para el Examen de Admisi\u00f3n a la USFQ<\/strong><\/p>\n<div class=\"shortcode-wrapper shortcode-list clearfix\"><ul class=\"hb-ul-list\">\n<li><i class=\"icon-ok\" style=\"color:#ba007c\"><\/i><strong>Seis simuladores<\/strong> de razonamiento matem\u00e1tico.<\/li>\n<li><i class=\"icon-ok\" style=\"color:#009bdb\"><\/i><strong>Cinco simuladores<\/strong> del razonamiento verbal.<\/li>\n<li><i class=\"icon-ok\" style=\"color:#009bdb\"><\/i>Material digital de estudio: gu\u00edas de estudio para razonamiento matem\u00e1tico y verbal, ejercicios y recursos para estudiar realizados por Estudia Inteligente.<\/li>\n<li><i class=\"icon-ok\" style=\"color:#ba007c\"><\/i>Pdf con todos los ejercicios resueltos de la Gu\u00eda USFQ.<\/li>\n<li><i class=\"icon-ok\" style=\"color:#db9600\"><\/i>Complementariamente, podr\u00e1s ver <strong>videos explicativos<\/strong> de la gu\u00eda del examen.<\/li>\n<li><i class=\"icon-ok\" style=\"color:#ce6b01\"><\/i>As\u00ed, tendr\u00e1s el acceso a todos nuestros simuladores admisi\u00f3n USFQ por un per\u00edodo de <strong>20 d\u00edas<\/strong> desde la fecha de compra.<\/li>\n<\/ul><\/div>\n<h3 class=\"alignleft\">\u00bfPor qu\u00e9 es necesario realizar simuladores?<\/h3>\n<p>En primer lugar, <strong>hacer simuladores entrena tu mente<\/strong>. En segundo lugar, te permite mejorar tu t\u00e9cnica. Con esto en cuenta, te traemos otras ventajas de realizar simuladores del examen de admisi\u00f3n a la Universidad San Francisco de Quito:<br \/>\n<div class=\"shortcode-wrapper shortcode-list clearfix\"><ul class=\"hb-ul-list\">\n<li><i class=\"icon-ok\" style=\"color:#ba007c\"><\/i>Como primer punto, te permite conocer ejercicios modelos del examen.<\/li>\n<li><i class=\"icon-ok\" style=\"color:#009bdb\"><\/i>Adicionalmente, puedes familiarizarte con el examen.<\/li>\n<li><i class=\"icon-ok\" style=\"color:#db9600\"><\/i>Tambi\u00e9n, conocer\u00e1s los temas en los que fallas.<\/li>\n<li><i class=\"icon-ok\" style=\"color:#ce6b01\"><\/i>Finalmente, puedes repetir la prueba las veces que desees.<\/li>\n<\/ul><\/div>\n<h3 style=\"text-align: center;\">Curso Virtual Examen USFQ<\/h3>\n<p><strong>Nuestros curso virtual y simuladores tienen todo lo que necesitas para prepararte para el examen de la USFQ<\/strong>. Los simuladores, tienen el mismo tiempo para cada razonamiento, asimismo, la misma cantidad de preguntas y adem\u00e1s te califican bajo los mismos criterios que lo hace la Universidad. Por otro lado, el material de estudio realizado por nosotros te explicar\u00e1 de forma clara los conceptos de cada uno de los temas que intervienen en el examen. De esta manera, tus resultados ser\u00e1n los mejores. \u00a1Prep\u00e1rate de forma inteligente! Cumple tus metas e ingresa a la Universidad de tus sue\u00f1os.<\/p>\n<h3 style=\"text-align: center;\">Curso de Preparaci\u00f3n Examen de Admisi\u00f3n USFQ<\/h3>\n<p>\u00bfQuieres m\u00e1s? <strong>Tenemos un curso de preparaci\u00f3n con clases personalizadas especialmente dise\u00f1ado para ti.<\/strong> Conoce m\u00e1s sobre nuestro <a href=\"https:\/\/estudiainteligente.com\/site\/curso-de-admison-examen-usfq\/\" target=\"_blank\" rel=\"noopener\"><b>Examen de Admisi\u00f3n USFQ aqu\u00ed.<\/b><\/a> As\u00ed, podr\u00e1s prepararte de la mejor manera para que des lo mejor de ti. De esta forma, obtendr\u00e1s los mejores puntajes y asegurar\u00e1s tu ingreso a la USFQ.<\/p>\n<p>Finalmente, \u00bftienes preguntas sobre nuestros simuladores o cursos?<\/p>\n<p>Escr\u00edbenos a nuestro<strong> <a href=\"https:\/\/wa.me\/message\/DSGEYLXGEBW5B1\" target=\"_blank\" rel=\"noopener\">WhatsApp 0987960020<\/a><\/strong>. \u00a1Recuerda, estamos siempre felices de ayudarte!<\/p>\n<a href=\"https:\/\/wa.me\/message\/DSGEYLXGEBW5B1\" class=\"hb-button hb-green-sea hb-large-button no-three-d\" target=\"_blank\" style=\"-webkit-border-radius: 2px;-moz-border-radius: 2px;border-radius: 2px;\"><i class=\"hb-moon-call-outgoing\"><\/i>WhatsApp 0987960020<\/a>\n","protected":false},"excerpt":{"rendered":"<p><strong>Curso Virtual Completo del Examen de Admisi\u00f3n a la USFQ<\/strong><\/p>\n<p>Practica de la mejor manera para el Examen de Admisi\u00f3n a la USFQ con <strong>nuestro curso virtual y simuladores completos<\/strong>. Recibir\u00e1s <strong>acceso 24h 7 d\u00edas a la semana por 20 d\u00edas<\/strong> desde la fecha de compra. \u00a1Recuerda! Estudia Inteligente es tu mejor opci\u00f3n.<\/p>\n<p><strong>Contenido Del Simulador<\/strong><\/p>\n[list type=\"icon\"]<\/p>\n<p>[list_item icon=\"icon-ok\" color=\"#fad07c\"]Material digital de estudio: gu\u00edas de estudio para razonamiento matem\u00e1tico y verbal, ejercicios y recursos para estudiar.[\/list_item]<br \/>\n[list_item icon=\"icon-ok\" color=\"#ba007c\"]<strong>Seis<\/strong> simuladores del razonamiento matem\u00e1tico.[\/list_item]<br \/>\n[list_item icon=\"icon-ok\" color=\"#009bdb\"]<strong>Cinco<\/strong> simuladores del razonamiento verbal.[\/list_item]<br \/>\n[list_item icon=\"icon-ok\" color=\"#db9600\"]<strong>Videos explicativos<\/strong> de la gu\u00eda del examen.[\/list_item]<br \/>\n[list_item icon=\"icon-ok\" color=\"#ce6b01\"]Tendr\u00e1s el acceso a todo nuestro material de estudio y simuladores del examen USFQ por un per\u00edodo de <strong>20 d\u00edas<\/strong> desde la fecha de compra.[\/list_item]<br \/>\n[\/list]\n[button title=\"WhatsApp 0987960020\" link=\"https:\/\/wa.me\/message\/DSGEYLXGEBW5B1\" new_tab=\"yes\" icon=\"hb-moon-call-outgoing\" size=\"small\" color=\"green-sea\"]\n","protected":false},"featured_media":10145,"template":"","meta":[],"product_brand":[],"product_cat":[448],"product_tag":[458,460,459],"class_list":{"0":"post-7113","1":"product","2":"type-product","3":"status-publish","4":"has-post-thumbnail","6":"product_cat-simuladores","7":"product_tag-cursousfq","8":"product_tag-examenusfq","9":"product_tag-simuladorusfq","11":"first","12":"instock","13":"virtual","14":"taxable","15":"purchasable","16":"product-type-simple"},"yoast_head":"<!-- This site is optimized with the Yoast SEO plugin v27.2 - https:\/\/yoast.com\/product\/yoast-seo-wordpress\/ -->\n<title>Curso Examen USFQ Virtual - Estudia Inteligente<\/title>\n<meta name=\"description\" content=\"Curso Virtual Examen USFQ. Estudia de forma inteligente. Accede a todo el material de estudio de preparaci\u00f3n para el examen USFQ\" \/>\n<meta name=\"robots\" content=\"index, follow, max-snippet:-1, max-image-preview:large, max-video-preview:-1\" \/>\n<link rel=\"canonical\" href=\"https:\/\/estudiainteligente.com\/site\/producto\/curso-virtual-usfq\/\" \/>\n<meta property=\"og:locale\" content=\"es_ES\" \/>\n<meta property=\"og:type\" content=\"article\" \/>\n<meta property=\"og:title\" content=\"Curso Examen USFQ Virtual - Estudia Inteligente\" \/>\n<meta property=\"og:description\" content=\"Curso Virtual Examen USFQ. Estudia de forma inteligente. Accede a todo el material de estudio de preparaci\u00f3n para el examen USFQ\" \/>\n<meta property=\"og:url\" content=\"https:\/\/estudiainteligente.com\/site\/producto\/curso-virtual-usfq\/\" \/>\n<meta property=\"og:site_name\" content=\"Estudia Inteligente\" \/>\n<meta property=\"article:publisher\" content=\"http:\/\/www.facebook.com\/estudiainteligente\" \/>\n<meta property=\"article:modified_time\" content=\"2023-03-27T15:13:01+00:00\" \/>\n<meta property=\"og:image\" content=\"https:\/\/estudiainteligente.com\/site\/wp-content\/uploads\/2022\/02\/Curso-preuniversitario-usfq-virtual-2023.jpg\" \/>\n\t<meta property=\"og:image:width\" content=\"675\" \/>\n\t<meta property=\"og:image:height\" content=\"675\" \/>\n\t<meta property=\"og:image:type\" content=\"image\/jpeg\" \/>\n<meta name=\"twitter:card\" content=\"summary_large_image\" \/>\n<meta name=\"twitter:label1\" content=\"Tiempo de lectura\" \/>\n\t<meta name=\"twitter:data1\" content=\"2 minutos\" \/>\n<script type=\"application\/ld+json\" class=\"yoast-schema-graph\">{\"@context\":\"https:\/\/schema.org\",\"@graph\":[{\"@type\":\"WebPage\",\"@id\":\"https:\/\/estudiainteligente.com\/site\/producto\/curso-virtual-usfq\/\",\"url\":\"https:\/\/estudiainteligente.com\/site\/producto\/curso-virtual-usfq\/\",\"name\":\"Curso Examen USFQ Virtual - Estudia Inteligente\",\"isPartOf\":{\"@id\":\"https:\/\/estudiainteligente.com\/site\/#website\"},\"primaryImageOfPage\":{\"@id\":\"https:\/\/estudiainteligente.com\/site\/producto\/curso-virtual-usfq\/#primaryimage\"},\"image\":{\"@id\":\"https:\/\/estudiainteligente.com\/site\/producto\/curso-virtual-usfq\/#primaryimage\"},\"thumbnailUrl\":\"https:\/\/estudiainteligente.com\/site\/wp-content\/uploads\/2022\/02\/Curso-preuniversitario-usfq-virtual-2023.jpg\",\"datePublished\":\"2022-02-11T14:48:05+00:00\",\"dateModified\":\"2023-03-27T15:13:01+00:00\",\"description\":\"Curso Virtual Examen USFQ. Estudia de forma inteligente. Accede a todo el material de estudio de preparaci\u00f3n para el examen USFQ\",\"breadcrumb\":{\"@id\":\"https:\/\/estudiainteligente.com\/site\/producto\/curso-virtual-usfq\/#breadcrumb\"},\"inLanguage\":\"es\",\"potentialAction\":[{\"@type\":\"ReadAction\",\"target\":[\"https:\/\/estudiainteligente.com\/site\/producto\/curso-virtual-usfq\/\"]}]},{\"@type\":\"ImageObject\",\"inLanguage\":\"es\",\"@id\":\"https:\/\/estudiainteligente.com\/site\/producto\/curso-virtual-usfq\/#primaryimage\",\"url\":\"https:\/\/estudiainteligente.com\/site\/wp-content\/uploads\/2022\/02\/Curso-preuniversitario-usfq-virtual-2023.jpg\",\"contentUrl\":\"https:\/\/estudiainteligente.com\/site\/wp-content\/uploads\/2022\/02\/Curso-preuniversitario-usfq-virtual-2023.jpg\",\"width\":675,\"height\":675},{\"@type\":\"BreadcrumbList\",\"@id\":\"https:\/\/estudiainteligente.com\/site\/producto\/curso-virtual-usfq\/#breadcrumb\",\"itemListElement\":[{\"@type\":\"ListItem\",\"position\":1,\"name\":\"Portada\",\"item\":\"https:\/\/estudiainteligente.com\/site\/\"},{\"@type\":\"ListItem\",\"position\":2,\"name\":\"Tienda\",\"item\":\"https:\/\/estudiainteligente.com\/site\/tienda\/\"},{\"@type\":\"ListItem\",\"position\":3,\"name\":\"Curso Examen USFQ Virtual\"}]},{\"@type\":\"WebSite\",\"@id\":\"https:\/\/estudiainteligente.com\/site\/#website\",\"url\":\"https:\/\/estudiainteligente.com\/site\/\",\"name\":\"Estudia Inteligente\",\"description\":\"Centro de estudios y Clases de nivelaci\u00f3n\",\"publisher\":{\"@id\":\"https:\/\/estudiainteligente.com\/site\/#organization\"},\"potentialAction\":[{\"@type\":\"SearchAction\",\"target\":{\"@type\":\"EntryPoint\",\"urlTemplate\":\"https:\/\/estudiainteligente.com\/site\/?s={search_term_string}\"},\"query-input\":{\"@type\":\"PropertyValueSpecification\",\"valueRequired\":true,\"valueName\":\"search_term_string\"}}],\"inLanguage\":\"es\"},{\"@type\":\"Organization\",\"@id\":\"https:\/\/estudiainteligente.com\/site\/#organization\",\"name\":\"Estudia Inteligente\",\"url\":\"https:\/\/estudiainteligente.com\/site\/\",\"logo\":{\"@type\":\"ImageObject\",\"inLanguage\":\"es\",\"@id\":\"https:\/\/estudiainteligente.com\/site\/#\/schema\/logo\/image\/\",\"url\":\"https:\/\/i0.wp.com\/estudiainteligente.com\/site\/wp-content\/uploads\/2019\/02\/LogoWeb.png?fit=230%2C134&ssl=1\",\"contentUrl\":\"https:\/\/i0.wp.com\/estudiainteligente.com\/site\/wp-content\/uploads\/2019\/02\/LogoWeb.png?fit=230%2C134&ssl=1\",\"width\":230,\"height\":134,\"caption\":\"Estudia Inteligente\"},\"image\":{\"@id\":\"https:\/\/estudiainteligente.com\/site\/#\/schema\/logo\/image\/\"},\"sameAs\":[\"http:\/\/www.facebook.com\/estudiainteligente\",\"https:\/\/www.instagram.com\/estudiainteligente\/\",\"https:\/\/www.pinterest.com\/estudiainteligente\/\",\"https:\/\/www.youtube.com\/channel\/UCWmGCRKEufrBD1bhksU5XGw\"]}]}<\/script>\n<!-- \/ Yoast SEO plugin. -->","yoast_head_json":{"title":"Curso Examen USFQ Virtual - Estudia Inteligente","description":"Curso Virtual Examen USFQ. Estudia de forma inteligente. Accede a todo el material de estudio de preparaci\u00f3n para el examen USFQ","robots":{"index":"index","follow":"follow","max-snippet":"max-snippet:-1","max-image-preview":"max-image-preview:large","max-video-preview":"max-video-preview:-1"},"canonical":"https:\/\/estudiainteligente.com\/site\/producto\/curso-virtual-usfq\/","og_locale":"es_ES","og_type":"article","og_title":"Curso Examen USFQ Virtual - Estudia Inteligente","og_description":"Curso Virtual Examen USFQ. Estudia de forma inteligente. Accede a todo el material de estudio de preparaci\u00f3n para el examen USFQ","og_url":"https:\/\/estudiainteligente.com\/site\/producto\/curso-virtual-usfq\/","og_site_name":"Estudia Inteligente","article_publisher":"http:\/\/www.facebook.com\/estudiainteligente","article_modified_time":"2023-03-27T15:13:01+00:00","og_image":[{"width":675,"height":675,"url":"https:\/\/estudiainteligente.com\/site\/wp-content\/uploads\/2022\/02\/Curso-preuniversitario-usfq-virtual-2023.jpg","type":"image\/jpeg"}],"twitter_card":"summary_large_image","twitter_misc":{"Tiempo de lectura":"2 minutos"},"schema":{"@context":"https:\/\/schema.org","@graph":[{"@type":"WebPage","@id":"https:\/\/estudiainteligente.com\/site\/producto\/curso-virtual-usfq\/","url":"https:\/\/estudiainteligente.com\/site\/producto\/curso-virtual-usfq\/","name":"Curso Examen USFQ Virtual - Estudia Inteligente","isPartOf":{"@id":"https:\/\/estudiainteligente.com\/site\/#website"},"primaryImageOfPage":{"@id":"https:\/\/estudiainteligente.com\/site\/producto\/curso-virtual-usfq\/#primaryimage"},"image":{"@id":"https:\/\/estudiainteligente.com\/site\/producto\/curso-virtual-usfq\/#primaryimage"},"thumbnailUrl":"https:\/\/estudiainteligente.com\/site\/wp-content\/uploads\/2022\/02\/Curso-preuniversitario-usfq-virtual-2023.jpg","datePublished":"2022-02-11T14:48:05+00:00","dateModified":"2023-03-27T15:13:01+00:00","description":"Curso Virtual Examen USFQ. Estudia de forma inteligente. Accede a todo el material de estudio de preparaci\u00f3n para el examen USFQ","breadcrumb":{"@id":"https:\/\/estudiainteligente.com\/site\/producto\/curso-virtual-usfq\/#breadcrumb"},"inLanguage":"es","potentialAction":[{"@type":"ReadAction","target":["https:\/\/estudiainteligente.com\/site\/producto\/curso-virtual-usfq\/"]}]},{"@type":"ImageObject","inLanguage":"es","@id":"https:\/\/estudiainteligente.com\/site\/producto\/curso-virtual-usfq\/#primaryimage","url":"https:\/\/estudiainteligente.com\/site\/wp-content\/uploads\/2022\/02\/Curso-preuniversitario-usfq-virtual-2023.jpg","contentUrl":"https:\/\/estudiainteligente.com\/site\/wp-content\/uploads\/2022\/02\/Curso-preuniversitario-usfq-virtual-2023.jpg","width":675,"height":675},{"@type":"BreadcrumbList","@id":"https:\/\/estudiainteligente.com\/site\/producto\/curso-virtual-usfq\/#breadcrumb","itemListElement":[{"@type":"ListItem","position":1,"name":"Portada","item":"https:\/\/estudiainteligente.com\/site\/"},{"@type":"ListItem","position":2,"name":"Tienda","item":"https:\/\/estudiainteligente.com\/site\/tienda\/"},{"@type":"ListItem","position":3,"name":"Curso Examen USFQ Virtual"}]},{"@type":"WebSite","@id":"https:\/\/estudiainteligente.com\/site\/#website","url":"https:\/\/estudiainteligente.com\/site\/","name":"Estudia Inteligente","description":"Centro de estudios y Clases de nivelaci\u00f3n","publisher":{"@id":"https:\/\/estudiainteligente.com\/site\/#organization"},"potentialAction":[{"@type":"SearchAction","target":{"@type":"EntryPoint","urlTemplate":"https:\/\/estudiainteligente.com\/site\/?s={search_term_string}"},"query-input":{"@type":"PropertyValueSpecification","valueRequired":true,"valueName":"search_term_string"}}],"inLanguage":"es"},{"@type":"Organization","@id":"https:\/\/estudiainteligente.com\/site\/#organization","name":"Estudia Inteligente","url":"https:\/\/estudiainteligente.com\/site\/","logo":{"@type":"ImageObject","inLanguage":"es","@id":"https:\/\/estudiainteligente.com\/site\/#\/schema\/logo\/image\/","url":"https:\/\/i0.wp.com\/estudiainteligente.com\/site\/wp-content\/uploads\/2019\/02\/LogoWeb.png?fit=230%2C134&ssl=1","contentUrl":"https:\/\/i0.wp.com\/estudiainteligente.com\/site\/wp-content\/uploads\/2019\/02\/LogoWeb.png?fit=230%2C134&ssl=1","width":230,"height":134,"caption":"Estudia Inteligente"},"image":{"@id":"https:\/\/estudiainteligente.com\/site\/#\/schema\/logo\/image\/"},"sameAs":["http:\/\/www.facebook.com\/estudiainteligente","https:\/\/www.instagram.com\/estudiainteligente\/","https:\/\/www.pinterest.com\/estudiainteligente\/","https:\/\/www.youtube.com\/channel\/UCWmGCRKEufrBD1bhksU5XGw"]}]}},"post_mailing_queue_ids":[],"_links":{"self":[{"href":"https:\/\/estudiainteligente.com\/site\/wp-json\/wp\/v2\/product\/7113","targetHints":{"allow":["GET"]}}],"collection":[{"href":"https:\/\/estudiainteligente.com\/site\/wp-json\/wp\/v2\/product"}],"about":[{"href":"https:\/\/estudiainteligente.com\/site\/wp-json\/wp\/v2\/types\/product"}],"wp:featuredmedia":[{"embeddable":true,"href":"https:\/\/estudiainteligente.com\/site\/wp-json\/wp\/v2\/media\/10145"}],"wp:attachment":[{"href":"https:\/\/estudiainteligente.com\/site\/wp-json\/wp\/v2\/media?parent=7113"}],"wp:term":[{"taxonomy":"product_brand","embeddable":true,"href":"https:\/\/estudiainteligente.com\/site\/wp-json\/wp\/v2\/product_brand?post=7113"},{"taxonomy":"product_cat","embeddable":true,"href":"https:\/\/estudiainteligente.com\/site\/wp-json\/wp\/v2\/product_cat?post=7113"},{"taxonomy":"product_tag","embeddable":true,"href":"https:\/\/estudiainteligente.com\/site\/wp-json\/wp\/v2\/product_tag?post=7113"}],"curies":[{"name":"wp","href":"https:\/\/api.w.org\/{rel}","templated":true}]}}